of 1310 and 10?
10
Calculate the highest common divisor of 6 and 987.
3
Calculate the greatest common divisor of 67 and 9983.
67
What is the greatest common divisor of 57 and 304?
19
What is the highest common factor of 45 and 855?
45
Calculate the greatest common factor of 1560 and 480.
120
Calculate the highest common divisor of 7902 and 36.
18
What is the highest common divisor of 21 and 5565?
21
Calculate the highest common divisor of 403 and 31.
31
What is the highest common divisor of 2424 and 144?
24
Calculate the highest common divisor of 1302 and 84.
42
What is the highest common divisor of 87 and 464?
29
What is the highest common factor of 15092 and 924?
308
What is the highest common divisor of 5 and 65?
5
Calculate the greatest common divisor of 4340 and 20.
20
Calculate the greatest common divisor of 11 and 20339.
11
What is the highest common divisor of 75 and 945?
15
Calculate the greatest common factor of 270 and 5076.
54
What is the highest common divisor of 9100 and 560?
140
Calculate the highest common factor of 1890 and 84.
42
What is the highest common divisor of 17 and 9843?
17
What is the greatest common divisor of 453 and 45?
3
What is the highest common divisor of 2204 and 76?
76
Calculate the highest common factor of 100 and 1420.
20
Calculate the greatest common factor of 2091 and 51.
51
Calculate the greatest common divisor of 42849 and 162.
81
What is the highest common factor of 6908 and 22?
22
Calculate the greatest common factor of 374 and 51.
17
What is the greatest common factor of 4928 and 66?
22
Calculate the highest common factor of 5 and 235.
5
What is the greatest common divisor of 1085 and 35?
35
What is the highest common factor of 18 and 10251?
9
Calculate the highest common factor of 11 and 737.
11
Calculate the highest common divisor of 768 and 12.
12
Calculate the greatest common divisor of 49896 and 33.
33
Calculate the greatest common factor of 66 and 4719.
33
Calculate the highest common divisor of 85 and 26945.
85
What is the greatest common factor of 900 and 1100?
100
What is the highest common factor of 403 and 26?
13
What is the highest common divisor of 55 and 44?
11
Calculate the greatest common factor of 7 and 1841.
7
Calculate the highest common factor of 339 and 226.
113
What is the highest common divisor of 261 and 2784?
87
Calculate the greatest common factor of 55 and 275.
55
Calculate the highest common factor of 1368 and 4940.
76
What is the highest common divisor of 55 and 11?
11
What is the greatest common divisor of 141 and 470?
47
Calculate the greatest common factor of 2429 and 21.
7
What is the highest common factor of 70 and 1330?
70
What is the greatest common divisor of 452 and 8?
4
Calculate the highest common factor of 2480 and 130.
10
Calculate the greatest common factor of 40 and 40.
40
Calculate the greatest common divisor of 1848 and 42.
42
Calculate the greatest common divisor of 96 and 84.
12
Calculate the highest common divisor of 352 and 3256.
88
What is the greatest common divisor of 1174 and 6?
2
What is the highest common divisor of 7831 and 41?
41
Calculate the highest common factor of 4212 and 104.
52
Calculate the greatest common divisor of 19 and 475.
19
Calculate the greatest common divisor of 672 and 16.
16
Calculate the greatest common divisor of 1428 and 840.
84
What is the greatest common divisor of 133 and 56?
7
What is the highest common factor of 12365 and 5?
5
What is the greatest common factor of 611 and 325?
13
Calculate the greatest common divisor of 160 and 128.
32
What is the highest common factor of 3864 and 4536?
168
Calculate the highest common factor of 53 and 1325.
53
What is the highest common divisor of 2117 and 116?
29
Calculate the greatest common divisor of 1040 and 120.
40
What is the greatest common divisor of 278 and 18?
2
Calculate the highest common divisor of 100 and 460.
20
Calculate the highest common factor of 42 and 72.
6
Calculate the greatest common factor of 9 and 45.
9
What is the highest common divisor of 20 and 90?
10
Calculate the greatest common divisor of 140 and 1610.
70
What is the greatest common factor of 2565 and 19?
19
What is the highest common divisor of 16 and 616?
8
Calculate the greatest common divisor of 576 and 36.
36
What is the greatest common divisor of 57 and 4142?
19
Calculate the highest common divisor of 80 and 1580.
20
What is the highest common factor of 16 and 26?
2
What is the greatest common divisor of 657 and 9?
9
What is the greatest common divisor of 572 and 247?
13
Calculate the highest common divisor of 2576 and 1568.
112
Calculate the highest common divisor of 60 and 60.
60
What is the greatest common divisor of 297 and 54?
27
Calculate the greatest common divisor of 161 and 63917.
161
What is the greatest common factor of 34 and 17?
17
What is the highest common factor of 1890 and 510?
30
What is the greatest common divisor of 71 and 4970?
71
Calculate the greatest common factor of 304 and 57.
19
Calculate the greatest common divisor of 384 and 12.
12
What is the greatest common divisor of 33 and 11?
11
What is the greatest common factor of 61 and 61?
61
What is the highest common divisor of 29 and 29?
29
What is the greatest common divisor of 342 and 27?
9
Calculate the highest common factor of 30 and 15.
15
Calculate the greatest common divisor of 504 and 140.
28
What is the greatest common factor of 11 and 3?
1
What is the highest common factor of 26668 and 565?
113
Calculate the highest common divisor of 476 and 340.
68
What is the greatest common factor of 32 and 2384?
16
Calculate the highest common factor of 226 and 2373.
113
Calculate the highest common divisor of 18643 and 362.
181
Calculate the greatest common divisor of 570 and 60.
30
What is the greatest common factor of 323 and 51?
17
Calculate the highest common divisor of 4614 and 6.
6
Calculate the greatest common divisor of 26 and 117.
13
What is the greatest common factor of 338 and 2886?
26
Calculate the greatest common factor of 5 and 110.
5
What is the greatest common factor of 16 and 7?
1
What is the greatest common factor of 1798 and 2542?
62
Calculate the greatest common factor of 32 and 808.
8
What is the highest common factor of 2025 and 50?
25
Calculate the highest common factor of 155 and 279.
31
Calculate the greatest common factor of 1015 and 3625.
145
What is the greatest common divisor of 725 and 29?
29
What is the greatest common factor of 640 and 20?
20
Calculate the highest common divisor of 38 and 2.
2
What is the highest common divisor of 1495 and 4715?
115
What is the highest common divisor of 294 and 98?
98
What is the highest common divisor of 357 and 102?
51
Calculate the greatest common divisor of 7 and 2191.
7
Calculate the highest common factor of 159 and 1219.
53
What is the greatest common factor of 2959 and 451?
11
Calculate the highest common factor of 32 and 104.
8
What is the highest common divisor of 6 and 66?
6
What is the highest common factor of 92 and 9844?
92
What is the greatest common divisor of 16 and 432?
16
Calculate the highest common factor of 20 and 202.
2
Calculate the greatest common factor of 2109 and 333.
111
What is the highest common divisor of 108 and 4?
4
What is the greatest common factor of 8300 and 1328?
332
What is the highest common factor of 333 and 37?
37
Calculate the highest common divisor of 351 and 78.
39
What is the greatest common factor of 535 and 321?
107
What is the greatest common divisor of 21 and 9051?
21
What is the greatest common factor of 99 and 4257?
99
What is the highest common factor of 94 and 5687?
47
Calculate the greatest common divisor of 64 and 1.
1
Calculate the greatest common factor of 5 and 940.
5
What is the greatest common divisor of 2091 and 1968?
123
What is the greatest common factor of 459 and 102?
51
Calculate the greatest common factor of 58 and 2639.
29
What is the highest common factor of 629 and 34?
17
What is the highest common factor of 23 and 1219?
23
Calculate the highest common factor of 28 and 4564.
28
What is the highest common divisor of 60 and 204?
12
What is the highest common factor of 11 and 11?
11
Calculate the highest common factor of 2192 and 16.
16
Calculate the highest common factor of 8767 and